4414/8 - -2) + (-12)/(-48). Let k = 726 - c. What are the prime factors of k?
2, 43
Let h(n) = 239*n**2 + 743*n + 4441. What are the prime factors of h(-6)?
31, 277
Let d(f) = f**2 - 18. List the prime factors of d(-29).
823
Let d = 463 + -1128. Let h = d - -935. List the prime factors of h.
2, 3, 5
Let m = 5256 + 2322. List the prime factors of m.
2, 3, 421
Suppose -5*l = -2*l - 9. Let w be 2/(((-3)/(-333))/((-35)/(-42))). Suppose 52 = 2*y - 4*d - 132, -l*d = -2*y + w. What are the prime factors of y?
2, 47
Suppose -3*y + 147 = 195. What are the prime factors of (-3732)/y*(-48)/(-18)?
2, 311
Suppose -957 = -6*d + 3915. Let i = d - 283. List the prime factors of i.
23
Suppose -6 = o + 14. What are the prime factors of ((-1284)/(-5) - 0) + (-4)/o?
257
Suppose 3*s + 130 = 2*g, -g + 78 = -0*g + 5*s. Suppose -g*n = -65*n - 1065. Suppose -5*h + 550 = -n. List the prime factors of h.
181
Let i(w) = -w**2 - 5*w + 65. Let m be i(6). Let o = 32 - 19. Let u = m + o. What are the prime factors of u?
2, 3
Let j = 1009 - 618. Let y = j - 43. List the prime factors of y.
2, 3, 29
What are the prime factors of ((-16)/24 - 6/(-9)) + 8473?
37, 229
Suppose -m = 2*m - 57. Let i(q) = q**3 - 16*q**2 - 44*q + 42. List the prime factors of i(m).
17
Let f(q) = -q + 7. Let k be f(-8). Suppose 4*d - k = 5*m - 0*d, -4*d + 19 = -m. What are the prime factors of (m/3*3 - 0) + 171?
2, 43
Let f(u) = 219*u + 57. Let w be f(3). Suppose 5*q - 1775 = -5*l, 2*q - w = 6*l - 9*l. List the prime factors of q.
3, 13
Suppose 8*b - 3 = 149. Suppose -3*d + 15 = -96. Let i = b + d. List the prime factors of i.
2, 7
Let k = 104 + -96. Let w(r) = k*r**2 + 8*r**2 - 9*r**2 + 17*r. What are the prime factors of w(-6)?
2, 3, 5
Suppose 3*d = 21, 4*p - 61*d = -60*d + 89669. List the prime factors of p.
3, 47, 53
Let m(s) = 26*s + 67. Let u be m(2). What are the prime factors of (16/(-4))/((-1)/u) - 5?
3, 157
Let i = -2487 + 5519. List the prime factors of i.
2, 379
Let j = -34 + 34. Suppose -2*c - c + 725 = -2*b, j = -2*c + 5*b + 498. List the prime factors of c.
239
Let h = -261 + 452. Suppose -9*g + 8*g - k + h = 0, 2*g = k + 391. What are the prime factors of g?
2, 97
Let l be (-168)/27 + 4/18. Let n(p) = -5*p - 19. Let r be n(l). Suppose 100 = 15*h - r*h. What are the prime factors of h?
5
Suppose -26297 = -7*a + 56548. What are the prime factors of a?
3, 5, 263
Let z be (-216)/6*((-22)/3 + 0). Suppose 3*s - 9*s + z = 0. Let p = 173 - s. What are the prime factors of p?
3, 43
Suppose -2*v + 2*x + 3*x = -277, 0 = 5*v + 3*x - 708. Let a = 859 - v. List the prime factors of a.
2, 359
Let t(f) = -f**3 + 5*f**2 + 10*f + 14. Suppose 4*q = 6*y - 2*y - 44, -13 = 3*q + y. What are the prime factors of t(q)?
2, 5, 7
Let p(a) = 6*a - 69. Let y be p(10). List the prime factors of y/33 + 20114/22.
2, 457
List the prime factors of (211535/(-15))/((-180)/54 - -3).
42307
Let f be 2 - 15/((-135)/(-306)). What are the prime factors of (-57272)/f - 2*(-3)/24?
2, 5, 179
Let t(h) = 142*h - 766. What are the prime factors of t(57)?
2, 229
Let k = 31 + -15. Suppose 0*i - k = 2*i - 4*o, -4*i - 32 = -4*o. List the prime factors of i/(-40) + (-469)/(-5).
2, 47
Let z(q) = 1320*q + 2559. What are the prime factors of z(14)?
3, 7013
Let b = -66 - -69. Let g(x) = x**2 - 5*x + 2. Let r be g(b). Let s(q) = -32*q - 5. List the prime factors of s(r).
3, 41
List the prime factors of (-181210)/(-6)*((-10944)/120)/(-38).
2, 18121
List the prime factors of (-18)/((-18)/(-7)) + 11831 + -1.
3, 7, 563
Let o(b) = b**3 + 8*b**2 + 3*b - 3. Let l(y) = -y**3 - 2*y**2 - y - 1. Let w be l(-3). Suppose 0 = k + w - 5. List the prime factors of o(k).
3, 17
Suppose 46*x - 24*x = 20*x - 144. Let v = 186 + -105. Let d = x + v. What are the prime factors of d?
3
Let a be -9*(0 - 2)/(-6). Let p be (4/(-6) + (-20)/a)/2. Suppose p = q - 3. List the prime factors of q.
2, 3
Suppose 50*m - 51*m = -36. What are the prime factors of (9/m)/(2 - (-247)/(-124))?
31
Suppose 0 = -21*g + 28*g - 84. Let u(q) = -16*q - 150. Let d(b) = 11*b + 100. Let x(i) = -7*d(i) - 5*u(i). What are the prime factors of x(g)?
2, 43
Let q = 124 - 120. Suppose 0 = -4*p, -q*p + 255 - 1429 = i. What are the prime factors of (-6)/27 + i/(-18)?
5, 13
Let k be 15*((-35)/(-15))/7. Let x be k - 6 - (-4 + 0). Suppose 146 = 3*d + x*u - u, u + 47 = d. What are the prime factors of d?
2, 3
Let c(q) = -q**3 - 6*q**2 + q - 2. Let r be c(-6). Let o(v) = 14*v**2 + 11*v + 24. List the prime factors of o(r).
2, 13
Suppose 5*b - 37 - 3 = 0. Let l be 1862/b + -4 + 1/4. Suppose -4*g + 31 = -l. List the prime factors of g.
5, 13
Suppose 541*q - 4365927 = 440*q. What are the prime factors of q?
3, 1601
Suppose -2*d - 30 = -8*d. Let h(v) = -4*v + 3*v**2 - 2*v - d + 4*v + 13. List the prime factors of h(4).
2, 3
Suppose -v - 3*v = -p + 4, 0 = p + 5*v + 23. Let q(j) = 2*j + 5. Let o(w) = -w - 2. Let l(f) = 14*o(f) + 6*q(f). List the prime factors of l(p).
2, 3
List the prime factors of (-6)/(-99)*4910682/28 - (-4)/(-22).
3, 1181
Let y(s) = -s - 67. Let k be y(-30). Let g(p) = -p + 131. What are the prime factors of g(k)?
2, 3, 7
Let j be 13/(-2) + 5 - 9/(-6). Let d be (1 + (-3 - j))*9/(-6). Suppose 4*r + 241 = d*x - 200, -x + 137 = 2*r. List the prime factors of x.
11, 13
Let i = -205263 - -289151. What are the prime factors of i?
2, 7, 107
Let w(q) = 3*q + 27. Let x be w(-15). What are the prime factors of 1/(4/742) - x/(-36)?
5, 37
List the prime factors of ((-5905)/2)/((-1897)/(-84) - 23).
2, 3, 1181
Suppose 365 = 3*n - 268. Suppose -3*m + o = -n, m - 4*o = -0*o + 52. Let f = 125 - m. What are the prime factors of f?
53
Let p = -185 + 259. Suppose -10*n + p = 24. Suppose 0*o + o - 2*u = 120, -n*u + 204 = 2*o. List the prime factors of o.
2, 7
Let t(i) be the second derivative of -i**5/10 - i**4/2 + 3*i**2 + 2*i. Let v(d) = -2*d + 30. Let h be v(17). What are the prime factors of t(h)?
2, 19
Let z(u) = 318*u + 10. Suppose -14*j + 15*j - 5 = 0. List the prime factors of z(j).
2, 5
Suppose -4*m = 3*h - 17060, 76*h + 28405 = 81*h + m. What are the prime factors of h?
2, 5, 71
Let o = -30810 + 51692. What are the prime factors of o?
2, 53, 197
Suppose 0 = 19*c + 27*c - 453422. What are the prime factors of c?
9857
Let p(k) = -k**3 - 7*k**2 - 3*k - 14. Let h be p(-7). Suppose -h*z - 31 = -8*z. Suppose 172 = d + z. What are the prime factors of d?
3, 47
Suppose 2740 + 3038 = 6*z. Suppose 8*l - 5*l - z = 0. Suppose -111*h + l = -108*h. What are the prime factors of h?
107
Suppose 6*m + 1069 = -437. Suppose 2*x - 569 = 185. Let c = x + m. List the prime factors of c.
2, 3, 7
Let a be (-20)/(-30) + -1 - (-32)/6. Suppose a*d = -2*r + 299, 3*r + 5*d - 127 = 324. What are the prime factors of r?
2, 19
Suppose 0*m - 5*r + 5 = 5*m, 0 = 3*r - 3. Let h be m - -5 - 5/((-25)/(-10)). Suppose h*v = 2*c - 91, -2*v - 162 = -7*c + 3*c. What are the prime factors of c?
2, 19
Let u = 13475 - 2671. What are the prime factors of u?
2, 37, 73
Suppose 0 = -114*m - 246413 + 1324397. List the prime factors of m.
2, 3, 197
Suppose 5*j - 3*h - 116962 = 0, -2*j + 182*h + 46804 = 184*h. List the prime factors of j.
2, 5849
Suppose 292 = 2*p + 30. Suppose 5*i + 0*i + 3*r = 1142, -884 = -4*i + 5*r. Let u = i - p. What are the prime factors of u?
5, 19
Let o = -4 + 4. Suppose 2*r - 4*y = 7*r - 352, o = -r + 5*y + 53. Let w = r + 9. List the prime factors of w.
7, 11
Suppose 3*v = 3*b - 5253, -3*v = 2*b + 4*b - 10461. Suppose -3*o - 3*r + b = 0, -o + 0*o + 2*r = -570. What are the prime factors of o?
2, 17
Suppose -4*f - o + 328 = 0, 3*f - 2*f = o + 77. Suppose 5 - f = -z. Suppose -71*s + z*s = 445. What are the prime factors of s?
89
Let l(c) = 3*c**2 + 54*c + 3. Let q be l(-18). Suppose q*z + 4730 = 14*z. List the prime factors of z.
2, 5, 43
Let c(r) = -174*r**2 + 3*r - 2. Let x(b) = b**2 + b. Let j(t) = -c(t) + x(t). What are the prime factors of j(1)?
5, 7
Let q(f) = 106*f**2 + 401*f + 786. List the prime factors of q(-2).
2, 3, 17
What are the prime factors of (408/102 + (-279)/(-2))/(1/18)?
3, 7, 41
Suppose 2*o - 15 = -9. Let q be (2/o)/(7/21). Suppose 0 = g, -q*x + 6*g = g - 74. List the prime factors of x.
37
Suppose 3*u = 2*f + 3, -4*f + 9*f + u + 33 = 0. List the prime factors of ((-8)/(-10))/((-2 - f)/240).
2, 3
Let g(s)